1/8 - (-8)/(-64). Calculate v(q).
9
Suppose 3*l - 3 = 0, 3*l = -2*d - l. Let v(b) = -b + 1. Let h(o) = 6*o - 5. Let f(x) = h(x) + 4*v(x). Give f(d).
-5
Let l(c) = -2*c**2 + 10*c - 14. Let h be l(4). Let v(z) = 2*z - 2. Determine v(h).
-14
Let l(z) = 6*z**3 + 2*z**2 + 6*z + 5. Let s be l(-1). Let q(x) = -2*x**2 - 7*x + 1. What is q(s)?
-14
Let a(p) be the third derivative of p**5/30 - p**4/8 - p**3/2 - p**2. Let r be (-805)/(-245) + (-4)/14*1. What is a(r)?
6
Let t(k) = 2*k**2 - 11*k - 6. Let a(z) = -z**2 + 5*z + 3. Let i be (-5)/(-2)*12/(-2). Let m be (-12)/10*i/6. Let g(l) = m*t(l) + 7*a(l). Determine g(4).
-5
Let k(d) = -21*d + 27. Let t(w) = -5*w + 7. Let u(s) = 2*k(s) - 9*t(s). Give u(6).
9
Let v be ((-4)/(-6))/(4/12). Let p(m) be the first derivative of 1/4*m**4 - 1 + 5/3*m**3 - 2*m + 0*m**v. Determine p(-5).
-2
Let n = 322 - 329. Let p(y) be the third derivative of -y**4/24 - y**3/3 - y**2. Determine p(n).
5
Let d(t) be the second derivative of -t**4/12 + 2*t**3/3 - 2*t**2 - 5*t. Give d(3).
-1
Let l(f) = -f - 6. Let t(q) = 2*q. Let b be t(4). Let y be 4/b*(-1 + 1). Calculate l(y).
-6
Suppose 10 = 4*a - 82. Let k = a - 2. Suppose p - k = 5*l, -l + 3*p = -2*l - 1. Let u(z) = -3*z - 5. Give u(l).
7
Let n(s) = -5*s**2 - 7*s. Suppose 2*b = -5*l + 12, 4*b + 3*l - 6*l = 50. Let r(m) = 9*m**2 + 13*m. Let t(f) = b*n(f) + 6*r(f). Give t(-1).
-2
Let a(j) be the third derivative of -j**5/60 - j**4/12 + j**2. Determine a(-1).
1
Let s(q) = 2*q - 4. Suppose 3*d = -7 + 19. Let h be s(d). Let v(p) = -1. Let l(k) = -k**2 + 6*k. Let f(m) = -l(m) - 2*v(m). Determine f(h).
-6
Suppose -2 = u - 2*u. Let f = 0 + 2. Let g(n) = u*n**2 + n + 2 - f*n**2 - n**2. Determine g(0).
2
Let s(t) = 3*t**2 - 25*t + 5. Let k be s(8). Let i(n) = n**2 + 5*n + 3. Calculate i(k).
-3
Suppose -13*c + 20 = -18*c. Let v(n) be the first derivative of -n**3/3 - 2*n**2 - 2*n - 1. Calculate v(c).
-2
Let z be (4/6)/(24/90*5). Let r(b) be the third derivative of -z*b**3 - 1/20*b**5 + 0*b + 0 + 1/6*b**4 - 2*b**2. Give r(2).
-7
Let s(f) be the first derivative of f**3/3 + 3*f**2 + 7*f - 9. Determine s(-5).
2
Let z(a) be the first derivative of a**4/4 - 2*a**3 + 3*a**2 - 7*a + 9. Let r be (-3 - (-3 + 1))*-5. Calculate z(r).
-2
Let q be (-108)/18*(-1)/2. Let a(w) be the second derivative of w**4/6 - 2*w**3/3 - w**2/2 + w. Determine a(q).
5
Let f be (-1 - 1)/(-2)*2. Let h(m) = -m**2 - m**2 - 7*m + m**2 + 2*m**f + 4. Determine h(6).
-2
Let w(r) = 10*r**3 + 18*r**2 + 14*r - 1. Let j(n) = 3*n**3 + 6*n**2 + 5*n. Let u(v) = -4*v + 1. Let t be u(2). Let z(c) = t*j(c) + 2*w(c). What is z(-5)?
8
Let z(b) = -2*b**2 + 8 + 7 + b + 0. Let r(v) = v**2 - 7. Let s(l) = -13*r(l) - 6*z(l). Calculate s(-5).
6
Let q(o) = -4*o**3 - o**2 + o. Suppose -2*z = 22 - 6. Let u(n) = n + 8. Let g be u(z). Suppose d + g = 1. Calculate q(d).
-4
Let c(m) be the first derivative of 1 + 3/2*m**2 + 3*m + 1/3*m**3. Let q be (-3 + (-6 - -8))/(-1) - 4. What is c(q)?
3
Let v(f) be the second derivative of -f**6/360 - f**5/120 + f**4/24 + f**3 + 4*f. Let p(r) be the second derivative of v(r). Give p(3).
-11
Let y(p) = 3*p + 6. Let r(w) = -3*w - 6. Let a(o) = -4*r(o) - 3*y(o). Determine a(-5).
-9
Let o(a) = 13*a + 6 - 20*a - 2 - 3. Calculate o(3).
-20
Let y(s) = 6*s + 1. Let x(d) = -d**3 - d**2 + d - 1. Let l be x(-2). What is y(l)?
7
Let h(k) = -15 - 2*k**2 - 4*k + 15. Let b(q) = -6*q**2 - 12*q. Let n(s) = 5*b(s) - 14*h(s). Determine n(-3).
-6
Suppose 2*c = -2 - 6. Let s(l) be the first derivative of -l**2/2 - 7*l - 69. Give s(c).
-3
Let f(i) = 2 - 10 + 21*i**2 - 13*i**2 + 6*i + i**3. Determine f(-7).
-1
Let z(d) = 1 - d**2 + d + 0*d + d. Suppose 0 = -c + 3 - 1. Suppose 0*j = -c*j + 4. What is z(j)?
1
Let w(n) = 2*n - 27. Let j(f) = f - 14. Let v(c) = 5*j(c) - 2*w(c). Let a(p) = p**3 + 5*p**2 - 7*p - 6. Let b be a(-6). Give v(b).
-16
Let h(x) be the second derivative of 1/4*x**4 + 0 - 3*x**2 - 1/20*x**5 + 2/3*x**3 + 4*x. Give h(4).
-6
Let q(d) be the third derivative of d**5/60 + 20*d**2. Suppose -3*i + 2*i = 1. Determine q(i).
1
Let i(o) be the third derivative of -o**6/120 + o**5/60 + o**4/24 + o**3/3 + 4*o**2. Let y(r) be the first derivative of i(r). Determine y(-1).
-4
Let r(l) = l**2 + 4*l - 6. Let u be r(-6). Let q(h) = -3*h + 8. Determine q(u).
-10
Suppose -5*p + 4*p = -5. Let d = p + -5. Suppose -2*l + l = d. Let r(y) = -y**3 + y**2 + y + 6. What is r(l)?
6
Let p = 6 + -1. Let u = p + -6. Let k be (u - -1 - -1)/1. Let b(t) = -8*t**2 + t. Determine b(k).
-7
Suppose 2*r - 3 = p, 4*r + p + 5 - 14 = 0. Let b(a) = -5*a + 1. Give b(r).
-9
Let d(i) be the first derivative of i**2/2 + 4*i + 32. Determine d(-8).
-4
Let o(t) = -2*t - 1. Let m(i) = i**3 + 2*i**2 - 2*i - 2. Let s be m(-2). Suppose -6 = -s*c, 0 = 4*k - k + c. What is o(k)?
1
Suppose -25 = -2*h + 7*h. Let b(d) = 0*d + 3*d + 4 - 2*d + 0. Calculate b(h).
-1
Suppose w = -w + 32. Suppose r = 5*r - w. Let a(x) = 6*x + 3 - r*x + 1. What is a(-3)?
-2
Let f(h) = 3*h**2 - 21*h - 19. Let y be f(8). Let b(v) = -v**2 + v - 5. Calculate b(y).
-25
Let r = 43 + -23. Suppose -3*p - 2*p = -r. Let u(c) = 0*c - 1 + 7 - 2*c. Give u(p).
-2
Let a(w) be the third derivative of w**5/120 + w**4/12 + w**3/2 - 4*w**2. Let h(l) be the first derivative of a(l). Give h(5).
7
Let l(t) = t - 1. Let j be 2 - -3 - (1 + 0). Let b(d) = d - 1. Let x(a) = j*l(a) - 5*b(a). What is x(-6)?
7
Let a(h) be the first derivative of h**4/4 + 4*h**3/3 + h**2 - h + 2. Let l = -24 + 20. What is a(l)?
-9
Let f(x) = 5*x**2 + 3*x - 3. Let l(p) = -4*p**2 - 4*p + 2. Let r(a) = -3*f(a) - 4*l(a). What is r(-6)?
-5
Let i(v) = -2*v**3 + 2*v**2 + 2. Let t be 1/(12/8 - 1). Give i(t).
-6
Let n(j) = -2 - 3 - 3*j - j**2 + 2*j**2. Suppose 0 = 3*f + 5 - 20. Determine n(f).
5
Let n(x) = -2*x - 6. Let p be n(-5). Let a(b) = 1 - 3*b - p*b + b. What is a(-1)?
7
Let z(h) = h**3 - 6*h**2 - h + 6. Suppose 15 = 5*w + 85. Let g = w + 20. What is z(g)?
0
Let p be -2 + 1/(-2)*-2. Let n(u) = 4*u**3 + 2*u**2 + 2*u + 1. Let g be n(p). Let x(k) = -2*k - 4. Let h be x(g). Let s(f) = 3*f + 1. Give s(h).
7
Let f(p) = -72*p - 83*p + 145*p - 1. What is f(1)?
-11
Let q(f) = f - 4*f**2 + 5*f**2 - 3*f**2 + f**2 + 2. Suppose -3*a + 11 = 2. What is q(a)?
-4
Let q(b) be the third derivative of -b**5/60 - b**4/6 - b**3/6 - 15*b**2. Give q(-4).
-1
Let v be 3/15 + (-4)/20. Let u(x) = 5 + 6*x + v - 6. Give u(-1).
-7
Suppose -2*q + 8 + 2 = 0. Let o(h) = 3*h - 7. Determine o(q).
8
Let o(a) = -5*a**2 - 9*a + 17. Let d(c) = c**2 + 2*c - 4. Let u(k) = 9*d(k) + 2*o(k). Give u(-3).
-11
Let l(u) = 2*u + 10. Let f = 2 + -9. Let z be l(f). Let m(c) = c**3 + 5*c**2 + 4*c + 6. Give m(z).
6
Suppose r = 4, -5*r + 25 = -f + 5. Let c(o) = -o + 7*o + 3*o - o**2 + f*o**2 - 4. Calculate c(6).
14
Let a(p) = 3*p**2 - 2*p**2 + 1 + 7*p + p**2 - 3*p**2. Determine a(7).
1
Let r(d) = -d. Let g be r(-2). Suppose g = 4*o + 10. Let c(l) = l**3 - 2*l. Give c(o).
-4
Let y(w) = 1 - w**2 - 3*w + 4*w**2 + 2*w**2 - w - w**3. Calculate y(4).
1
Let f(w) be the first derivative of 3/2*w**2 + 5 - 5*w. Give f(4).
7
Let t be 1/2 - (-56)/16. Let i(r) = 5*r + 1 - t + 4*r - 5*r + r**2. What is i(-3)?
-6
Let a(n) = 2*n**3 + 7*n**2 + 6*n. Let z = -1 + -3. Let k be 6/2 - (1 + z). Let o(y) = -3*y**3 - 15*y**2 - 13*y. Let s(v) = k*o(v) + 13*a(v). Determine s(1).
9
Let o(l) = -l**3 - 5*l**2 - 9*l - 4. Let h(g) = 2*g**3 + 10*g**2 + 19*g + 8. Let b(r) = 2*h(r) + 5*o(r). Give b(-4).
8
Let c be 2/(-14) - (-130)/(-70). Let z(x) = 2*x + 3. What is z(c)?
-1
Let u(j) = j + 2. Let o be (-330)/40 - 2/(-8). Let d be (-2)/(-8) - 38/o. Determine u(d).
7
Let j(o) = -5 - 4 + 6 + 2*o + 6. Calculate j(-2).
-1
Let z(v) = v + 2. Suppose 3*p - 2 = 3*r + 2*p, -r - 4*p = -8. Let q(h) = -h + 1. Let t be q(r). Let x(o) = 3*o. Let f be x(t). Calculate z(f).
5
Let a(z) = -3 - 1 - 7*z + 5*z + 5*z. Let i be a(4). Let u(d) = -5*d + 0 - 9*d**2 + 7 + i*d**2 + d. What is u(-5)?
2
Let c(t) be the second derivative of -5*t**3/6 + t**2/2 + 7*t. Determine c(-1).
6
Let v(y) = y**3 + 7*y**2 + 6*y - 1. Suppose 11 = 4*t - 1, -k + 5*t = 12. Suppose -j = -k*j - 12. Give v(j).
-1
Let u(n) = -n**3 + 14*n**2 + 14*n + 11. Let z be u(15). Let l(w) = -w**3 - 4*w**2 - w - 1. Calculate l(z).
3
Let v(c) = 5 - 6*c - 6 + 0 + 0*c**2 - c**2. Calculate v(-6).
-1
Le